Suppose -4*p + 9 + z = 0. What is the remainder when (125 - 1)*-7*10/(-280) is divided by p?
14
Let h be (56/4)/((-9)/(1935/10)). Let g = h - -364. What is the remainder when g is divided by 16?
15
Let n be 4/((-16)/45)*8/(-6). Suppose -2155 - 395 = -n*m. What is the remainder when m is divided by 59?
52
Let v = 706 - 699. Suppose 3*x - 5*b = 398, -5*x + v*b = 6*b - 678. What is the remainder when x is divided by 47?
42
Let z be 447 - -36 - -1*(4 - 0). Suppose 5*a + 328 = 3*m - z, 5*a = -5. Suppose 4*g - m = -78. What is the remainder when g is divided by 25?
23
Let z(t) = -t**3 + 7*t**2 - 3*t - 5. Let v(n) = 771*n + 5404. Calculate the remainder when z(6) is divided by v(-7).
6
Suppose -3*b - 76*j + 73*j + 507 = 0, -3*j + 672 = 4*b. What is the remainder when b is divided by 3?
0
What is the remainder when 160 is divided by 8*(-2 + 19 + -4)?
56
Let m(y) = -15*y + 119. Let i(j) = -j**3 + 5*j**2 - 2*j + 54. Let l be i(6). What is the remainder when 49 is divided by m(l)?
20
Suppose 2*h - 2*y = -306, -h = 6*y - 8*y + 157. Let a = 179 + h. Suppose s - 3*s + 22 = 0. Calculate the remainder when a is divided by s.
8
Suppose 5*w - 3*f = w + 6, -5*f = -4*w + 2. Suppose -6*b + w*b + 24 = 0. Let d(c) = c**3 - 9*c**2 + 9*c - 6. Calculate the remainder when 5 is divided by d(b).
1
Suppose 4*d + 4*f - 1350 = -18, -2*f = d - 337. What is the remainder when d is divided by 30?
29
Let v(i) = 14 - 22*i + 3*i**2 - 16 - 85 - 4*i**2. What is the remainder when 357 is divided by v(-7)?
15
Let p(u) = 144*u**2 + 6*u - 3. What is the remainder when 575 is divided by p(1)?
134
Let k(j) = -9*j - 1. What is the remainder when 12/(-21) + 98230/770 is divided by k(-3)?
23
Suppose 0 = 2*y + 4*f - 1590, -2319 = -3*y - 75*f + 80*f. Calculate the remainder when y is divided by 120.
63
What is the remainder when 16752/18*(-351)/(-312) is divided by 32?
23
Suppose -4*b = w - 221, -5*b + 3*w - 121 + 393 = 0. Let x = 12 - 2. What is the remainder when b is divided by x?
5
Suppose 1104 = -4*v + 5*p, -v - p + 6*p - 291 = 0. Let h = v + 293. What is the remainder when 36 is divided by h?
14
Suppose -6*r + 10 + 10 = -358. What is the remainder when 596 is divided by r?
29
Calculate the remainder when (-26910)/(-29) + 128/(-32) - 4/(-58) is divided by 915.
9
Suppose -1155 = -155*l + 144*l. Calculate the remainder when l is divided by 79.
26
Let w = 26 - -34. Suppose 3*f = -4*s + 1712 - 785, 2*s + 3*f = 453. Calculate the remainder when s is divided by w.
57
Let q be (-1)/(-1)*(5 + -10 + 7). Suppose q*r - k = 2*k + 5, 17 = 3*r + 5*k. What is the remainder when r is divided by 3?
1
Suppose -4*n = -3*p + 72, 5*p + 3*n - 120 = 5*n. Suppose -p - 88 = -8*i. What is the remainder when 27 is divided by i?
13
Suppose -4*s + 248 = 4*d, 29*d - 31*d = -2*s - 136. What is the remainder when 258 + -1 + -1 + 2 is divided by d?
63
Suppose -4*z = -8 - 312. Let r = -86622 + 86634. Calculate the remainder when z is divided by r.
8
Let k(v) = 76*v - 2. Let p be k(4). Suppose -3*d = -2*l - p, 4*l = 5*d - l - 500. What is the remainder when d is divided by 74/3 - -1 - 1/(-3)?
24
Suppose -3*f = -3*r - 150, 3*r - 1563 = -4*f - 1349. Calculate the remainder when 219 is divided by f.
11
Let i(y) = 12*y + 205. What is the remainder when i(5) is divided by 15?
10
What is the remainder when ((-3 + 13)/2 - 5) + (-14 - -1311) is divided by 67?
24
Let u(o) = 16*o - 23. Let z be u(0). Let c = 60 + z. Calculate the remainder when 182 is divided by c.
34
Let x be 6/21 + (4 - 150/35). Suppose 5*g - 6*g + 3*r + 223 = x, -5*r - 225 = -g. What is the remainder when g is divided by 37?
35
Let c = 94 + -91. Suppose -7*q + 2*q - n = 5, -17 = q - c*n. What is the remainder when (-334)/q + 4*(-4)/(-8) is divided by 43?
40
Suppose 16*y + 1615 = 107*y - 23. Calculate the remainder when 1396 is divided by y.
10
Suppose 2*h = -c + 633, 5*c - 2794 - 311 = 2*h. Calculate the remainder when c is divided by 10.
3
Let l(v) be the third derivative of v**6/120 + 3*v**5/4 + 11*v**4/6 + v**3 + v**2 + 6. Calculate the remainder when 69 is divided by l(-44).
3
Suppose 3*p - 5*p = -1374. Suppose 68*n - 1284 = -942 + 1222. What is the remainder when p is divided by n?
20
Calculate the remainder when (84/32*(-4450)/(-15))/((-4)/(-64)) is divided by 93.
91
Suppose 0 = -3*i - 9, i - 78 = -m + 442. What is the remainder when m is divided by 107?
95
Calculate the remainder when 1254 is divided by 41*((-9)/(45/20))/(-4).
24
Let m = -45 + 47. Suppose -m*r + 5*u + 846 = 2*r, 414 = 2*r + 2*u. What is the remainder when r is divided by 21?
20
Calculate the remainder when -11 - (-1762288)/560 - (-4)/70 is divided by 73.
70
Calculate the remainder when ((-12)/5)/12 - ((-130386)/30 + 4) is divided by 181.
179
Suppose -167*b = -5804 - 25091. What is the remainder when 928 is divided by b?
3
Let s(r) = 5*r - 10. Let d be s(2). Suppose -t = -5*b - d - 22, 0 = -5*t - 2*b + 218. Calculate the remainder when 125 is divided by t.
41
Suppose -974488 = -189*z + 376537 + 40960. What is the remainder when z is divided by 12?
9
Let i = -14392 - -14471. What is the remainder when 557 is divided by i?
4
Let n be 828/(-15)*(-3 + 8). Let c = n - -294. Calculate the remainder when 63 is divided by c.
9
Let h(f) = 62*f + 3237. Calculate the remainder when 23241 is divided by h(-52).
10
Let l = 1937 + -1868. Calculate the remainder when l is divided by 63.
6
Suppose 3*w - 370 = 29. Suppose -2*j - w = -335. What is the remainder when j is divided by 13?
10
Suppose 0 = 7*r - 75 + 47. Calculate the remainder when 71 is divided by 69 + r/(3 + -7).
3
Let x(n) = 80*n - 800. Calculate the remainder when x(16) is divided by 230.
20
Let l be (-3 + 48/2)/((-33)/(-704)). Let z = 484 - l. What is the remainder when 247 is divided by z?
31
Let i = -168 + 577. Calculate the remainder when i is divided by 15.
4
Let c(g) = -g**2 + 96*g + 1097. Calculate the remainder when c(66) is divided by 14.
11
Suppose -14*c = -6*c - 9816. Suppose -3*t - 4*n + c = 0, -4*t + 448 = 2*n - 1198. Calculate the remainder when t is divided by 83.
81
Let b(z) = 4*z + 344. Let u be b(-50). What is the remainder when 434 is divided by ((-116)/(-8))/(24/u)?
86
Suppose -y + 35 = -0*y - 3*c, 2*c - 110 = -2*y. Suppose 2*z + z - 3 = 0. What is the remainder when y is divided by -2*(z - -1) + 17?
11
Suppose -4*l - 4*a + 2600 = 0, 5*l + 2*a = 3*a + 3220. Suppose 0 = l*c - 646*c + 92. What is the remainder when c is divided by 38?
16
What is the remainder when 1015 is divided by ((-19)/(209/(-33)))/((-4)/(-36))?
16
Suppose 4*k - 267 = -i, -2*k + 18*i - 17*i + 129 = 0. Suppose -7*y = -6*y - k. Calculate the remainder when 260 is divided by y.
62
Suppose 506*y = 249*y + 45489. Calculate the remainder when 1073 is divided by y.
11
Let w(f) be the third derivative of -f**6/120 + f**5/6 + f**4/2 + 3*f**3/2 - 2*f**2 - 5*f. What is the remainder when 39 is divided by w(11)?
19
Let q(m) = m**3 - m**2 + 1. Let j(u) = -7*u**3 + 6*u**2 - 20. Let s(o) = -j(o) - 6*q(o). What is the remainder when 152 is divided by s(0)?
12
Let l = -326254 - -326274. Let x = 11 + 208. Calculate the remainder when x is divided by l.
19
What is the remainder when 787 is divided by (15/(-8))/((-33)/44)*274/5?
102
Let i(d) = -2*d**3 + 785*d**2 + 3963*d + 7. What is the remainder when 1652 is divided by i(-5)?
44
Let o = 4549 - 4069. Calculate the remainder when o is divided by 5.
0
Suppose -158*k = 5*w - 159*k - 17160, -5*w + 17145 = 2*k. Calculate the remainder when w is divided by 24.
23
Let h(y) = 25*y**2 - 58*y - 1. Let w = 787 - 783. Calculate the remainder when h(w) is divided by 4/6 + (-37)/(-3).
11
Let z(m) = 719*m - 31. Let y be z(-1). Let c = y - -756. What is the remainder when 35 is divided by c?
5
Let y be 15/(-9)*66/(-55). Suppose 3*t - 4 = 8. Suppose 3*j - 14 = -4*d + 3*d, 0 = y*j + t. What is the remainder when 50 is divided by d?
10
Suppose -32*b - 9 = -29*b. Let s(y) = -11*y - 8. What is the remainder when 48 is divided by s(b)?
23
Let t = 23715 + -19838. Calculate the remainder when t is divided by 105.
97
Let p = 187 + -96. Suppose -6*s + 15950 = 5*s. Suppose 21*o - s = -484. Calculate the remainder when p is divided by o.
45
Let k be (-12)/42 + (-2)/(-7). Suppose 4*u + 12*u - 192 = k. Calculate the remainder when 58 is divided by